/((-5)/(-10)). Suppose g + 4*i - 69 = -2*g, -y*g = 4*i - 123. What is the tens digit of g?
2
Let s(j) = 4 + 5*j - 5*j + 3*j - 4*j. Suppose 5 = 3*a - 4*a. What is the units digit of s(a)?
9
What is the units digit of (-116)/(-6)*(-162)/(-36)?
7
Suppose -4*p - 14 = -150. What is the tens digit of p?
3
Suppose -4*s - 264 = -4*n, -3*n + 2*s + 39 = -161. Suppose t + n = 5*g + 3*t, 0 = -3*g + 3*t + 24. What is the tens digit of g?
1
Let i be (-6)/8 - 11/44. What is the tens digit of ((i - -1) + 1)*43?
4
Suppose 0 = -3*a + y + 147, -108 = -5*a + y + 137. What is the units digit of a?
9
Suppose -1 = -u + 5. Suppose u*o = 2*o + 180. Suppose -6*c + c = -o. What is the units digit of c?
9
Let x = -163 + 263. What is the tens digit of x?
0
Let l(c) be the first derivative of c**2/2 - 84*c + 2. Let n be l(0). What is the units digit of (n/18)/(4/(-6))?
7
Let f = 100 - 46. Let w = 80 - f. What is the tens digit of w?
2
Let z = -64 - -133. What is the tens digit of z?
6
Suppose -3*p = -5*r - 4*p + 13, 3*r + p - 7 = 0. Let w = 5 - r. Suppose -w*k = -c - 3*c - 32, 3*c + 39 = 4*k. What is the units digit of k?
6
Suppose 6 = t - 1. Suppose -2*h - t = -25. Suppose -5*q = -64 + h. What is the tens digit of q?
1
Let o be 0 - ((-4 - 3) + -1). Let y = o - 4. What is the units digit of y?
4
Let z(r) = -16*r - 47. What is the tens digit of z(-8)?
8
Let m(p) = 2*p**2 - 24*p - 3. What is the hundreds digit of m(19)?
2
Let a(l) = l + 15. Let h be a(-8). Let f(c) = -8*c**2 - 16*c + 6. Let b(p) = -3*p**2 - 5*p + 2. Let z(m) = 11*b(m) - 4*f(m). What is the units digit of z(h)?
2
Suppose -3*u + 550 = 2*u - 4*f, 0 = -2*u - 3*f + 243. What is the tens digit of u?
1
Let d(k) = k**3 - k**2 + k - 56. Let u be d(0). What is the units digit of 1/(u/20 + 3)?
5
Let m = 156 - 28. What is the hundreds digit of m?
1
Suppose 2*j - 1 = -3*c, -j + 3*c + 7 = -2*c. What is the units digit of j + (-1 + 2)*-1?
1
Let j(s) = -14*s**3 + s**2. Let k be j(-1). Suppose 2*n + 2*t = 7*n - k, 3*n - 3*t = 0. Suppose 3 = b - n. What is the units digit of b?
8
Let j = 51 + -18. What is the tens digit of j?
3
Suppose 0 = 2*w - h, -4*w - 3*h = -w. Suppose w*o = -2*o + 36. What is the tens digit of o?
1
Suppose 294 = 7*b - b. What is the units digit of b?
9
Suppose 2*s - 1 - 33 = -2*f, -3*f = -s - 35. Suppose d - 2*k = f, -35 = -4*d + d + 4*k. What is the units digit of d?
9
Let g = -3 - -5. Suppose 15 = -3*n - g*n, -4*n = a + 10. Suppose 27 = 2*s - 3*v, 3*s - v = a + 21. What is the units digit of s?
6
Let t(i) = -i - 5. Let u = 4 - 7. Let a = -12 - u. What is the units digit of t(a)?
4
Let n(r) be the first derivative of -r**2/2 - 7*r + 12. Suppose 4*f + 5*j - 3*j + 52 = 0, -5*f + 2*j - 47 = 0. What is the units digit of n(f)?
4
Let g(w) = 13*w**2 + 3*w - 2. Let m be g(1). Suppose 0*i = -i + m. What is the tens digit of i?
1
Let a(d) = d**3 - 2*d**2. What is the tens digit of a(4)?
3
Let c be (-2 - -3) + 397 + 2. Suppose 4*d = -d + c. Suppose 22 = 2*k - 2*z, -4*k = -2*z + 7*z - d. What is the units digit of k?
5
Suppose 0 = -5*s - 2*t + 383, 3*s + 0*t = -4*t + 227. What is the tens digit of s?
7
Let b be 8/(-6)*(-6)/(-4). Let h = -17 + 25. Let t = b + h. What is the units digit of t?
6
Let q(v) = v**3 - 7*v**2 + v + 2. What is the tens digit of q(8)?
7
Let g be 4*2 + (-4)/2. Suppose 0 = -5*w + 5*a + g + 69, 5 = -2*w - 5*a. Let t = -6 + w. What is the units digit of t?
4
Let z be -2 + 6/3 + 3. Suppose -2*l + 13 = -3*k, 3*l + 16 = 5*l - 2*k. Let s = l - z. What is the units digit of s?
8
Let g = 1 - 2. Suppose 0 = -0*o + 2*o + 6. What is the units digit of -1 + (-3)/g - o?
5
Let u be (-2)/(-9) - 388/(-36). Let m(f) = f**3 - 11*f**2 + 8. What is the units digit of m(u)?
8
Let i be 6/((-6)/(-2)) - 1. Let b be -1*i*(4 + 2). Let x = b - -16. What is the tens digit of x?
1
Let q = 80 - 52. What is the units digit of q?
8
Let x(z) = -z**2 + 2*z + 219. What is the hundreds digit of x(0)?
2
What is the units digit of 2020/6 + (-4)/(0 + -12)?
7
Let b = -9 - -6. Let n be (b/(-2))/((-3)/(-4)). Suppose 3*a = s - n, -3*a + 4*a = 5*s - 38. What is the units digit of s?
8
What is the units digit of (-3)/15*-2*15?
6
Suppose -4*v - 3 + 15 = 0. Suppose v*j - j + 20 = w, 3*j = -4*w + 69. Suppose -5*h = -w - 27. What is the units digit of h?
9
Let n(m) = -m**2 - 7*m - 7. Let h be n(-6). Let z be (8/(-20))/(h/10). Suppose z + 4 = f. What is the units digit of f?
8
Let u be (-473)/2 + 1/(-2). Let x = -15 + 29. What is the units digit of (-4)/x - u/21?
1
Let q(s) be the first derivative of s**3/3 + 3*s**2/2 - 7*s + 6. What is the tens digit of q(5)?
3
Let u = 375 - 238. What is the units digit of u?
7
Suppose 13 = 5*y + 3. Suppose 4*w = 10 + y. Suppose -w*d - 6 = -6*d. What is the units digit of d?
2
Suppose 0 = 4*d + 3*x - 51 - 38, -2*d - 3*x + 49 = 0. Let s = d + -8. What is the tens digit of s?
1
Suppose -5*t - 35 = -c, 6*t - 8 = 4*t - 4*c. Let k be t*-2*2/(-4). Let q = -5 - k. What is the units digit of q?
1
Let w(v) = 3*v**3 + 6*v**2 - 9*v + 25. What is the tens digit of w(4)?
7
Suppose 5*x = 35 - 10. What is the units digit of x/(-25) + (-96)/(-5)?
9
Let u(j) = -j + j**2 + 6*j + 8 - 2. Suppose -4*m = 2*b + 8, 2*m = 6*b - 2*b - 24. What is the units digit of u(m)?
2
Suppose 0 = 4*s + 38 - 190. Suppose -4*x = 3*r - 29 - 32, s = 2*x + 4*r. What is the tens digit of x?
1
Let t = -2 + -3. Let o be t*(1 - 4)/(-3). What is the units digit of ((-2)/2)/(1/o)?
5
Let y be -1 + 1 + 2 + -2. Suppose 0*n - 3*n - 27 = y. Let q = 14 + n. What is the units digit of q?
5
Let h(t) = t. Suppose -4*r - 2 = -22. What is the units digit of h(r)?
5
Suppose -3*t = -4*t + v + 34, -t + 30 = 3*v. Suppose 4*f - 3*f - t = 0. What is the units digit of f?
3
Let v(g) = 8*g**2 + 4*g + 1. Let i be v(4). Suppose -6*y = -y - i. Suppose -s = 3*s + b - y, -s = 5*b + 7. What is the units digit of s?
8
Let l(u) = u**2 + 10*u + 10. Suppose -3*x - 2 = 5*g - 0, 0 = -5*x - 2*g - 35. What is the units digit of l(x)?
1
Let l(n) = n**3 - 3*n**2 - 2*n + 4. Let y = -1 + 5. What is the tens digit of l(y)?
1
Suppose -4*o + 120 + 34 = u, 4 = -2*u. Suppose -2*j + 5*j = o. What is the tens digit of j?
1
Let o(h) be the first derivative of 3*h**2/2 - 2*h + 1. Let n(l) = -7*l + 3. Let b(m) = -2*n(m) - 5*o(m). What is the units digit of b(0)?
4
Let g be 34/8 - 1/4. Suppose -g*u + u = -81. What is the units digit of u?
7
Let g(r) = -r**3 + 6*r**2 + 8*r - 2. Let l be g(7). Suppose l*s - 22 - 18 = 0. What is the units digit of s?
8
Suppose 5*q + 52 = 4*l - 115, 4*q - 260 = -5*l. What is the tens digit of l?
4
What is the units digit of (-8)/(-5)*(24 + -4)?
2
Let w = -40 + 49. Let i = 4 + 0. Suppose -i*f = -w*f + 100. What is the tens digit of f?
2
Suppose -4*m - 2*k = -3980, -m + 0*k = -k - 998. What is the tens digit of (-2)/(-7) - m/(-42)?
2
Let q(n) = n. Let g(y) = y**2 + 9*y - 5. Let u(o) = g(o) - 4*q(o). What is the units digit of u(-7)?
9
Let a(l) = l**2 - 7*l - 9. Let v(m) = 2*m**2 - 14*m - 17. Let j(p) = 9*a(p) - 4*v(p). Let b be ((-12)/10)/((-4)/30). What is the units digit of j(b)?
5
Let v(f) = f**3 + 13*f**2 - 17*f + 11. What is the tens digit of v(-14)?
5
Suppose 3*w + 2 = -4. What is the units digit of (w/(-4))/(2/44)?
1
What is the tens digit of 72*(-1 - (-12)/8)?
3
Let b(l) = l + 1. What is the tens digit of b(11)?
1
Let r = -21 + 23. Suppose r*l + l - 75 = 0. What is the units digit of l?
5
Suppose -w + 37 + 23 = 0. What is the tens digit of w?
6
Suppose 1 = 4*u - 3*u, 4*u - 1 = 3*x. Suppose 4*r - 5*c + 4 = 0, -3*c + 4*c - 8 = -r. What is the tens digit of 94/8 + x/r?
1
Suppose 5*a = 3*q + 785, 3*a - 4*q = -a + 620. What is the tens digit of a?
6
Suppose 3*d - 2*g = -20 + 1, -3*d + 4*g = 17. Let y = d + 17. What is the tens digit of y?
1
Let n = 3 - 1. Suppose -30 = -k - 4*k + 2*f, -f + 21 = n*k. What is the units digit of k?
8
What is the hundreds digit of (-2373)/(-14) + 1*3/6?
1
Let x = 127 - 55. What is the tens digit of x?
7
What is the units digit of -4*(0/2 - (3 + 16))?
6
Suppose 5*d - 31 = -6. Suppose -10 = -4*l + 2*g, l - d = -0*l + g. Suppose 0 = -2*k + 14 - l. What is the units digit of k?
7
Let s(f) = 2*f - 12. Let b(i) = i**2 + 5*i - 6. Let v = -15 - -8. Let x be b(v). What is the units digit of s(x)?
4
Let m(j) = -j - 3. Let w be m(-6). Suppose -c - z